*u + 35*h = 33*h + 136. What is the units digit of u?
3
Suppose -2*o - 803880 = -37*o - 52*o. What is the thousands digit of o?
9
Let n(k) = 18*k**3 - 3*k**2 - 3*k + 6. Let o be n(2). Let m = o - 117. Let g = m + 164. What is the tens digit of g?
7
Let v(z) = z**3 + 53*z**2 - 74*z**2 + 49*z - 4*z - 44. What is the tens digit of v(19)?
8
Let s(g) = -g**3 - 21*g**2 - 3*g - 55. Let n be s(-21). What is the tens digit of 4/(-4*n/(-160))?
2
Let x(j) = -j**3 + j**2 + 11*j - 12. Let l be x(4). Let t = l - -512. Suppose 4*d - 180 = t. What is the tens digit of d?
6
Suppose 14 = -3*w + 140. Suppose -w = -5*h + 328. What is the units digit of -6*(-4)/(-6) + h?
0
Let n be 110/12 + 17/(-102). Let a(c) = 51*c + 52. What is the units digit of a(n)?
1
Let f(y) = -40*y**3 + y. Let i be f(1). Let n(a) = -13*a**3 + 2*a**2 - 11*a + 22. Let m be n(-9). What is the tens digit of 6/i + m/65?
5
Let h(s) = -2 - s**3 - 22*s**2 + 6*s**3 - 6*s**3 + 31*s**2 - 11*s. What is the units digit of h(7)?
9
Let i be 2 - 114*(-1 + 0). Let o be 346/6 + (-14)/(-6). Suppose -2*f + i = -o. What is the units digit of f?
8
Suppose 0 = 23*g - 30*g + 84. Suppose g*w - 4*w = 16. Suppose -6*s + w*s + 12 = 0, 0 = v + 3*s - 143. What is the tens digit of v?
3
Let v(g) = 10 + 3 + g**2 + 3 - 8 - 17*g. Let o be v(14). Let b = o + 57. What is the units digit of b?
3
Let y(j) = 3*j + 30. Let m be y(-9). Let v(s) = 6*s**2 - s - 5. What is the tens digit of v(m)?
4
Let v = -62 - -79. Suppose 12*j = v*j. Suppose j = d - 4*d + 594. What is the hundreds digit of d?
1
Let o = 23438 - 11565. What is the hundreds digit of o?
8
Let f(w) = -129*w**3 - w**2 + w + 1. Suppose 0 = 17*r + 23 + 11. What is the units digit of f(r)?
7
Let a be (-8)/(-32) - 39/(-4). Suppose -23*w = -25*w + a. Suppose o - 108 - 33 = -h, 3*o = w*h - 697. What is the hundreds digit of h?
1
What is the ten thousands digit of 1 + 441982/6 + (78/(-9))/13?
7
Suppose 0 = -3*z + 4*g + 133, g = -4*z - 3*g + 168. Let q = 266 + -190. Let h = q - z. What is the units digit of h?
3
Suppose -2*u + 9*q = -67759, 0 = 5*u - 9*q + 6*q - 169261. What is the ten thousands digit of u?
3
Let b(d) = -6*d + 10. Let x be b(5). Let l be 5708/x - 2/(-5). Let s = -177 - l. What is the units digit of s?
8
Let k = 9105 + -4616. What is the hundreds digit of k?
4
Let s = 33 - 24. What is the tens digit of 59/(-3)*(s + -18)?
7
Let l(c) = -c**3 + 12*c**2 - 8*c - 5. Let h be l(5). Let b = h - -2. What is the units digit of b?
2
Suppose n - k - 26152 = -7616, -4*n + 74152 = -2*k. What is the tens digit of n?
4
Let o = 2 - 1. Let a be 2 - o/(3/(-201)). Suppose -2*c + a = -55. What is the units digit of c?
2
Let v(u) = 185*u**3 - 16*u**2 + 14*u - 63. What is the hundreds digit of v(7)?
7
Let o = 3142 - 4894. Let u = -1104 - o. What is the units digit of u?
8
Suppose 26*j - 62*j = -40860. Let q = j + -365. What is the units digit of q?
0
Suppose -25*h + 997205 = 134230. What is the thousands digit of h?
4
Suppose -7*o + 60 = 5*o. Suppose -10*j + o*j = -640. What is the hundreds digit of j?
1
Let b(c) = c**3 + 23*c**2 - 2413*c - 9. What is the tens digit of b(-50)?
4
Suppose -4*n - 24 + 48 = 0. Suppose 29*o = -n*o + 11200. What is the tens digit of o?
2
Suppose -328345 - 177336 - 98824 = -29*u. What is the units digit of u?
5
Let h be 6/(-30)*-5*10*2. Suppose -m + h = 4*m. Suppose m*f - 3*f - 2*b - 94 = 0, 106 = f - 5*b. What is the tens digit of f?
8
Let r = -1918 + 12195. What is the thousands digit of r?
0
Let z = -36 + 41. Suppose x - j = -0*x + 3, 0 = -z*x - j - 9. What is the units digit of x + 4 - 220/(-10)?
5
Let d(t) = 75*t - 4*t + 6 + 63*t - 9*t. What is the units digit of d(6)?
6
Suppose 149538 = 3*g + 4*b, -249335 = 6*g - 11*g + 5*b. What is the tens digit of g?
5
Let x be 1*(-72)/(-8) + 0 + -5. Suppose 2*w - 765 = -x*f + 943, -1706 = -2*w - 3*f. What is the units digit of w?
0
Suppose 3*t - 68106 = -3*g, -17*t + 113490 = -12*t + g. What is the hundreds digit of t?
6
Let f = -15 + 18. Let m be 1785/25 - f/(-5). Suppose -3*a - 2*w + m = w, 5*a - 102 = w. What is the tens digit of a?
2
Let p(o) = 1 - 30*o - 24*o + 29*o - 9*o**2 - 2*o**3. What is the units digit of p(-8)?
9
Let a(g) = -9*g**2 + 20*g + 19. Let o(j) = -27*j**2 + 58*j + 56. Let q(z) = 8*a(z) - 3*o(z). What is the hundreds digit of q(-10)?
0
Let k(h) = 662*h + 12. Let r be k(4). Let m = r + -1386. What is the thousands digit of m?
1
Let w(m) be the third derivative of m**4/24 + 11*m**3 + m**2. Suppose 0 = 725*c + 7546 + 429. What is the units digit of w(c)?
5
Let p(d) be the third derivative of 13*d**4/24 + 106*d**3/3 + 64*d**2 - 2*d. What is the units digit of p(12)?
8
Suppose 0 = -5*r + 11 + 9. Suppose 2*o = 2*g + 14, 0 = g + r*g + 4*o - 10. What is the tens digit of (g/(-1))/((-4)/(-148))?
7
Let c be ((-1)/2)/((-33)/(-8184)). Let i = c - -419. What is the units digit of i?
5
Let i = 249 + -247. What is the units digit of (188/i)/((-54)/30 + 2)?
0
Let r = 18572 + -8745. What is the thousands digit of r?
9
Let n(i) = 4*i + 14. Suppose 6 = -2*a, 18 - 70 = -d - 5*a. Let h = d - 56. What is the units digit of n(h)?
8
Let u(g) = 167*g + 173. Suppose 5*h - 45 = -8*q + 5*q, 0 = q. What is the units digit of u(h)?
6
Suppose -5*k - p + 30 = 0, -4*p = 2*k - 2*p - 20. Let b(g) = 2 + 11*g + k - 12*g**2 + g**3 + 4. What is the units digit of b(11)?
1
Suppose 101 = 7*l + 31. Let m = 22 - l. Let f(k) = 6*k. What is the tens digit of f(m)?
7
Suppose -29 = -u + 20. Suppose i + 29424 = u*i. What is the hundreds digit of i?
6
Let x(j) = 206*j**2 + 10*j - 50. What is the hundreds digit of x(5)?
1
Let r(c) = -c**2 - 40*c + 1. Let n be r(-40). What is the units digit of ((-2849)/21)/(n/(-3))?
7
Suppose 13*d = 222846 + 103652 - 60817. What is the thousands digit of d?
0
Let b be -5 + 1 + (-367)/(0 + -1). Let y = 252 + 213. Suppose b = 9*a - y. What is the tens digit of a?
9
Suppose -4*t + 7 = -5*c + 6*c, 4*t = -4*c + 4. Suppose t = -12*s + 98. Suppose s*i = 606 + 58. What is the tens digit of i?
8
Suppose -j - 4*a = 100, -3*j - 17 = 5*a + 283. Let w = -7 - -12. What is the tens digit of 76/(-1)*w/(j/5)?
1
Let h be ((-1)/2)/((-20)/(-5520)). Let j = h + 1589. What is the hundreds digit of j?
4
Let l = -11160 + 17332. What is the units digit of l?
2
Let i = 61406 - 29087. What is the hundreds digit of i?
3
What is the hundreds digit of -202*(6 + -5)*(-13 + -9)?
4
Suppose -34980 = -5*g - q, -10*g + 5*g + 34960 = -3*q. What is the units digit of g?
5
Let g(q) be the first derivative of q**4/4 + 10*q**3/3 - 13*q**2/2 + q - 4. What is the hundreds digit of g(-7)?
2
Suppose -9*o + 5*o = -4*j - 8612, 0 = o + j - 2161. Let z = -1292 + o. Suppose p = -5*l + z, p = 4*l - 592 - 100. What is the hundreds digit of l?
1
Let h(i) = -3 - 1 + 0 - 4*i. Let z be h(-2). Suppose 0*q + 204 = 4*q + z*d, 5*q - 267 = d. What is the units digit of q?
3
Suppose 52*l - 145 = 47*l - 5*r, 0 = 5*l + 4*r - 144. Suppose -24*o + l*o = 20, 3*y + o - 851 = 0. What is the tens digit of y?
8
What is the ten thousands digit of ((132/44)/(3/48157))/1?
4
Let z = 109 + 246. Suppose -5*k + 1415 = 4*g, -4*g + 5*g = -k + z. What is the tens digit of g?
6
Suppose 4*k = -0*k + 128. Suppose k*b - 30*b = 980. What is the units digit of b?
0
Suppose 4*m - 4*q - 29596 = 0, -5*m = -4*q - 9*q - 37019. What is the units digit of m?
6
Suppose -22*c = -17*c + 5*b - 20, -c = -4*b + 6. Suppose 3*v - c*f = 467, 3*v - 3*f - 482 = -4*f. What is the hundreds digit of v?
1
Suppose 6*t - 2*t = 3*u + 8, -4*t - 3*u = 16. Let s be 5 + -424 - (1 - 0). What is the tens digit of t + (s/18)/((-2)/6)?
6
Let t(a) = a**2 + 3*a - 63. Let b be t(0). What is the tens digit of (-2)/(-9) + -3 + (-20272)/b?
1
Let r(f) = -198*f**3 - f**2 + 7*f + 12. Let w be r(-2). Suppose -168*d + 174*d = w. What is the units digit of d?
3
Let q(r) = -2*r**3 - 4*r**2 - 6*r - 4. Let v = -37 - -65. Let n = v - 32. What is the tens digit of q(n)?
8
Suppose -8*p - 16596 = -10*f + 5*f, -5*f - 2*p = -16626. What is the units digit of f?
4
Let k(y) = -6*y - 10. Let v = -1 - 2. Let j be k(v). Suppose 2*q + j = 0, 0*b - 2*q = -2*b + 94. What is the units digit of b?
3
Suppose -5*a + 15898 = -2*z, -5*z = -5*a - 8574 + 24484. Suppose 42*p - a = 40*p. What is the tens digit of p?
8
Let u be (-15995)/(-21) + (-8)/(-24). Let 